isor of 17598611 and 105823.
2461
Calculate the highest common factor of 73486 and 3657286.
362
Calculate the greatest common divisor of 1230548 and 1188.
44
What is the greatest common divisor of 2626759 and 1825?
73
What is the greatest common divisor of 145377381 and 393?
393
What is the greatest common divisor of 3459 and 86971943?
1153
Calculate the greatest common factor of 581 and 296632.
7
Calculate the greatest common factor of 559 and 471484.
13
What is the highest common factor of 7263590 and 8330?
170
Calculate the highest common divisor of 176 and 38128816.
176
What is the greatest common factor of 64464 and 136828?
316
Calculate the greatest common factor of 436856 and 45472.
1624
Calculate the greatest common divisor of 3960 and 246620.
220
Calculate the highest common factor of 15403 and 454790.
73
Calculate the greatest common factor of 9891 and 12270963.
471
Calculate the highest common divisor of 343318333 and 1028.
257
What is the highest common factor of 321256 and 25896?
104
What is the highest common divisor of 2492 and 173567444?
356
Calculate the highest common factor of 95872 and 161280.
896
What is the greatest common factor of 130 and 7351130?
10
What is the greatest common factor of 36654090 and 1860?
930
Calculate the highest common factor of 38499019 and 39.
13
Calculate the greatest common divisor of 41511 and 252096.
303
Calculate the highest common divisor of 37422 and 314442.
486
Calculate the greatest common divisor of 1256 and 4894004.
628
What is the greatest common factor of 23776 and 165280?
32
Calculate the greatest common factor of 6346002 and 351.
39
What is the highest common factor of 25204770 and 15?
15
What is the highest common factor of 510546 and 2154?
6
Calculate the highest common divisor of 26 and 767459654.
26
What is the highest common factor of 1113 and 14071500?
159
Calculate the highest common factor of 257690668 and 428.
428
What is the highest common divisor of 265 and 1789015?
265
Calculate the highest common divisor of 4724979 and 142.
71
Calculate the highest common factor of 2331908190 and 513.
513
Calculate the highest common divisor of 784 and 2390837008.
784
Calculate the greatest common divisor of 40 and 592214310.
10
Calculate the highest common factor of 10566503 and 55811.
1139
Calculate the greatest common divisor of 23012 and 346226.
1046
What is the highest common factor of 5490685 and 1455?
485
What is the greatest common factor of 3665704 and 58156?
1876
Calculate the highest common divisor of 20196 and 4784076.
1188
What is the highest common divisor of 965241 and 414?
207
What is the greatest common factor of 33240 and 72637710?
8310
Calculate the greatest common factor of 703 and 104829954.
703
What is the greatest common divisor of 133 and 105982?
19
What is the highest common divisor of 2296 and 16274216?
56
Calculate the highest common factor of 392 and 46710328.
392
What is the highest common divisor of 144 and 1262475?
9
What is the greatest common factor of 15829 and 2937?
11
Calculate the highest common factor of 12216 and 22488.
24
Calculate the highest common divisor of 3264 and 16162342.
34
What is the highest common factor of 833452 and 1889708?
8252
Calculate the highest common divisor of 72079866 and 1524.
762
What is the highest common divisor of 374 and 2744258?
22
Calculate the highest common factor of 642767113 and 62.
31
Calculate the greatest common divisor of 26656 and 7787717.
833
What is the highest common factor of 29772672 and 3312?
1104
What is the highest common divisor of 603517031 and 13?
13
Calculate the greatest common divisor of 6 and 2266774.
2
Calculate the highest common divisor of 219722965 and 4334.
2167
What is the greatest common factor of 2548896 and 292992?
672
Calculate the highest common factor of 4254734 and 1484.
106
What is the greatest common divisor of 646408 and 4571?
7
What is the highest common divisor of 24404428 and 505?
101
What is the greatest common factor of 18 and 276325578?
18
Calculate the greatest common factor of 108704 and 709657.
79
What is the greatest common factor of 21157718 and 794?
794
What is the greatest common factor of 1117 and 317621184?
1117
Calculate the greatest common divisor of 176 and 1446643.
11
Calculate the greatest common divisor of 23 and 51111589.
23
Calculate the highest common factor of 591606 and 2484.
414
Calculate the highest common divisor of 273 and 29892408.
273
What is the greatest common divisor of 329 and 327745523?
329
What is the greatest common divisor of 1296 and 5397552?
144
Calculate the greatest common divisor of 27819629 and 799.
47
What is the greatest common factor of 29237 and 77402?
169
Calculate the greatest common divisor of 904071 and 168.
21
Calculate the greatest common factor of 155136880 and 326.
326
Calculate the greatest common factor of 1547896 and 14137.
211
Calculate the greatest common divisor of 756 and 39272940.
252
Calculate the highest common factor of 756435 and 477044.
239
Calculate the greatest common factor of 2295 and 79645.
85
Calculate the greatest common factor of 11451534 and 78.
6
Calculate the greatest common divisor of 459228 and 13608.
84
Calculate the highest common divisor of 527988 and 54004.
92
Calculate the highest common factor of 2272110 and 2940.
30
Calculate the greatest common divisor of 1157 and 1314619.
89
What is the highest common divisor of 6597174 and 1110?
222
What is the greatest common factor of 1254 and 639426?
114
Calculate the greatest common divisor of 68169203 and 1042.
521
What is the highest common factor of 86897450 and 275?
25
Calculate the greatest common factor of 527773 and 17193.
521
Calculate the highest common factor of 33166 and 21840.
14
What is the highest common factor of 306270 and 137022?
246
What is the greatest common factor of 5229255 and 75?
15
Calculate the greatest common divisor of 55998202 and 31044.
5174
What is the greatest common divisor of 44 and 98246214?
22
Calculate the greatest common divisor of 130 and 50096410.
130
Calculate the highest common divisor of 41319058 and 88.
22
Calculate the highest common divisor of 770 and 281512.
154
Calculate the greatest common divisor of 2158 and 6222632.
26
What is the highest common divisor of 66 and 1027389462?
66
What is the greatest common factor of 3146 and 161276786?
242
Calculate the greatest common factor of 714 and 63779002.
238
Calculate the greatest common divisor of 20 and 11854735.
5
Calculate the greatest common divisor of 6253 and 188033963.
6253
What is the greatest common factor of 775515 and 77285?
2665
What is the highest common factor of 3145 and 22588019?
629
What is the highest common factor of 79068 and 13332?
132
What is the highest common divisor of 180335 and 36970?
5
What is the greatest common factor of 7661 and 253465?
163
What is the highest common factor of 7983442 and 28002?
718
Calculate the highest common factor of 794115595 and 69.
23
What is the greatest common divisor of 160 and 2496040?
40
What is the highest common divisor of 627771420 and 2110?
2110
Calculate the highest common divisor of 117812 and 152.
4
Calculate the greatest common divisor of 1523754324 and 76.
76
Calculate the greatest common factor of 18 and 11256678.
18
What is the highest common factor of 963509 and 4693?
361
Calculate the greatest common factor of 448647 and 31008.
969
What is the greatest common factor of 420 and 15053262?
42
Calculate the greatest common factor of 843894450 and 2884.
1442
Calculate the highest common divisor of 840 and 57699600.
840
What is the highest common divisor of 224 and 60032504?
56
What is the highest common factor of 2737389240 and 24?
24
What is the highest common divisor of 125814 and 161772?
78
Calculate the greatest common factor of 9756 and 18846153.
2439
Calculate the greatest common factor of 33295465 and 35.
35
What is the greatest common factor of 888 and 45207784?
296
What is the highest common factor of 1540 and 2061500?
140
Calculate the greatest common factor of 17028183 and 43851.
933
Calculate the highest common factor of 256 and 15735448.
8
What is the greatest common divisor of 341299412 and 1481?
1481
What is the highest common factor of 113292403 and 2975?
119
What is t